mmon factor of 2211 and 455079?
3
Calculate the highest common factor of 1645220730 and 7786.
7786
Calculate the greatest common factor of 34076092 and 1836.
68
Calculate the highest common divisor of 36442950 and 330.
30
What is the highest common factor of 19690762 and 1274?
182
What is the greatest common divisor of 41 and 139762153?
41
What is the greatest common divisor of 103 and 27699069?
103
What is the greatest common divisor of 480 and 10843040?
160
Calculate the highest common factor of 7150682 and 9548.
154
Calculate the highest common divisor of 61976420 and 166870.
4510
Calculate the greatest common divisor of 3045538 and 8.
2
What is the greatest common factor of 4815 and 162961?
107
What is the greatest common factor of 1365 and 3281565?
105
Calculate the highest common factor of 3230 and 58755638.
646
Calculate the greatest common divisor of 1080 and 3970800.
360
What is the highest common divisor of 12198 and 77363782?
4066
What is the greatest common divisor of 30601898 and 2666?
62
Calculate the greatest common factor of 204724 and 1730756.
508
What is the highest common factor of 3895162 and 233816?
5314
Calculate the greatest common divisor of 437858 and 185.
37
What is the greatest common divisor of 611 and 17578?
47
Calculate the greatest common factor of 370702 and 14280.
34
What is the greatest common divisor of 74754 and 4734?
18
What is the greatest common divisor of 264 and 82907?
11
Calculate the greatest common divisor of 636 and 114316.
4
Calculate the highest common divisor of 5148356 and 1116.
124
Calculate the highest common factor of 3500784 and 1260.
252
What is the highest common divisor of 20 and 2287328?
4
Calculate the greatest common divisor of 56600103 and 14.
7
Calculate the highest common divisor of 235452 and 22638.
42
Calculate the highest common factor of 112741 and 44.
1
What is the highest common divisor of 232000 and 207698?
58
What is the highest common factor of 6320 and 724016672?
1264
What is the highest common factor of 3626039097 and 57?
57
Calculate the greatest common factor of 2397024 and 9225.
369
Calculate the greatest common factor of 18225 and 9377775.
2025
What is the greatest common divisor of 2960 and 2661595?
185
What is the highest common factor of 2077 and 197997?
31
Calculate the greatest common factor of 921245 and 11765.
65
Calculate the highest common divisor of 1304 and 6183242.
326
What is the highest common divisor of 1184112 and 588384?
432
Calculate the highest common divisor of 207839 and 11666.
307
What is the highest common divisor of 24 and 772664408?
8
Calculate the greatest common divisor of 268367 and 42669.
11
What is the highest common factor of 413133 and 56?
7
What is the greatest common divisor of 112454287 and 11077?
583
Calculate the highest common factor of 78 and 44204394.
78
What is the highest common factor of 531761427 and 5507?
5507
What is the highest common divisor of 219 and 11270032?
73
Calculate the highest common divisor of 737 and 4988456.
11
Calculate the greatest common factor of 1934 and 6495339.
967
Calculate the greatest common divisor of 1007747 and 234741.
169
What is the highest common factor of 598328 and 4640?
232
What is the highest common divisor of 6012890 and 281060?
2990
Calculate the greatest common factor of 491 and 1299750650.
491
Calculate the highest common factor of 143 and 3804713.
11
Calculate the greatest common divisor of 205068275 and 5.
5
Calculate the greatest common divisor of 13026 and 196900014.
1002
Calculate the greatest common factor of 3210835 and 300255.
2705
What is the greatest common factor of 1488 and 6257784?
744
What is the greatest common divisor of 50342702 and 5654?
514
Calculate the highest common divisor of 2982 and 3490644.
426
What is the highest common factor of 50998545 and 75?
15
Calculate the highest common factor of 171952827 and 2751.
393
What is the highest common factor of 18862200 and 82350?
1350
Calculate the highest common divisor of 57769 and 36900.
41
Calculate the highest common factor of 231 and 1211469.
21
Calculate the greatest common factor of 299198 and 531298.
422
Calculate the highest common factor of 1860561 and 488.
61
What is the greatest common divisor of 2813417 and 27396?
761
Calculate the greatest common factor of 535 and 282345.
5
Calculate the highest common factor of 31360 and 21376.
128
What is the greatest common factor of 18936536 and 93?
31
What is the greatest common factor of 303836 and 481?
13
What is the highest common factor of 154080 and 56232?
72
Calculate the highest common factor of 1750 and 560250250.
1750
What is the greatest common divisor of 7765510 and 30?
10
Calculate the greatest common divisor of 144 and 1256568.
24
What is the highest common factor of 3598 and 6836858?
14
What is the greatest common factor of 405 and 241275?
15
Calculate the highest common divisor of 34507 and 236819.
11
Calculate the greatest common factor of 6864 and 46880592.
528
Calculate the greatest common factor of 33 and 15901446.
33
Calculate the greatest common divisor of 199655873 and 461.
461
What is the highest common factor of 13570 and 197650?
590
What is the highest common factor of 1098327 and 1955757?
4083
Calculate the highest common divisor of 852023 and 4709.
17
What is the greatest common factor of 463011 and 4389?
57
Calculate the highest common factor of 3157 and 276914.
451
What is the highest common factor of 5369767 and 3894?
59
Calculate the greatest common divisor of 84 and 109922211.
21
Calculate the highest common divisor of 72157 and 165967.
59
Calculate the highest common factor of 1010310 and 1101345.
1785
What is the highest common factor of 16797262 and 11290?
2258
What is the highest common factor of 665 and 509789?
133
What is the greatest common factor of 840 and 696472?
56
Calculate the greatest common divisor of 1584 and 57414.
6
Calculate the greatest common divisor of 500 and 281820000.
500
What is the highest common factor of 2349235567 and 1421?
1421
What is the highest common factor of 16896 and 30558?
66
What is the highest common divisor of 11111327 and 2?
1
What is the greatest common divisor of 2946174 and 399?
21
Calculate the highest common factor of 25 and 2273370325.
25
Calculate the greatest common factor of 5140647 and 1887.
51
Calculate the greatest common factor of 3649 and 918480.
89
Calculate the greatest common factor of 1663343 and 11.
11
Calculate the highest common factor of 4438858 and 51699.
907
Calculate the highest common divisor of 410 and 1821835.
205
What is the greatest common divisor of 48272 and 34911?
431
Calculate the highest common divisor of 1437 and 3540836976.
1437
What is the greatest common factor of 2660 and 866360670?
1330
What is the greatest common divisor of 26066061 and 2415?
483
Calculate the highest common divisor of 377665 and 6.
1
Calculate the highest common factor of 40 and 177344920.
40
What is the greatest common divisor of 1228318 and 1666?
238
What is the highest common divisor of 12735 and 4140?
45
What is the greatest common divisor of 8602 and 736?
46
What is the greatest common divisor of 20 and 87673340?
20
What is the highest common factor of 76728065 and 1005?
335
What is the greatest common divisor of 34265 and 24411365?
4895
What is the greatest common factor of 4221 and 10280346?
201
Calculate the greatest common divisor of 7756 and 34391212.
1108
Calculate the greatest common divisor of 2167127 and 359341.
1583
What is the highest common factor of 711 and 11085?
3
What is the highest common divisor of 6933940 and 9360?
260
Calculate the greatest common divisor of 91 and 421086289.
13
What is the greatest common factor of 424367584 and 16?
16
Calculate the greatest common divisor of 2350186 and 91770.
874
Calculate the greatest common divisor of 1570 and 72580.
10
What is the greatest common factor of 11940 and 1466020?
20
What is the greatest common factor of 2260 and 1403912?
452
What is the highest common divisor of 5310 and 15830?
10
What is the greatest common factor of 4325 and 49304135?
865
Calculate the highest common divisor of 4242 and 26197178.
1414
What is the highest common divisor of 7910 and 15378622?
1582
What is the greatest common divisor of 11